)) + -70 + 91 + 125?
132
Evaluate -44 + (-77 - -76) + 14.
-31
Calculate -1 + -28 + 1 - (2271 + -2364).
65
Evaluate -44 + (195 - -14) + -89.
76
What is the value of (17 - 1) + -68 + 67 + 9?
24
What is the value of 39 + 6 - (1 - -27)?
17
Evaluate 28 - (-12 + (-10 - -29)).
21
What is -1840 - -1874 - (-19 - -2)?
51
What is 67 - (-1 + 18 + 19)?
31
What is -45 + (16 - -26) - (-40 + -1)?
38
What is -457 + 332 + 155 + (0 - (0 + 14))?
16
What is -81 - (-103 - (153 - 158))?
17
Calculate 39 - ((-27 - 17) + 68).
15
What is the value of (-9 - (4 - 26) - 17) + (17 - (-5 + 2))?
16
Calculate -211 + 220 - ((-11 - (-7 + -5 + 6)) + 19).
-5
What is the value of -12 + -2 - (-13 - (-19 + -43) - (3 + 11))?
-49
Calculate -89 - (12 + (7 - (0 + 7 + 8)) + 11).
-104
Calculate 1206 - 1215 - (-4 - (1 + 15)).
11
Calculate 5 - (-12 + 14 + (-3 + 3 - (-37 + 14))).
-20
Evaluate -7 + (-7 - ((16 - 12) + -47)) + 11.
40
Evaluate -9 - (-20 + -4) - (-9 + (-3 - -3)).
24
1 + -42 + (-68 + 66 - 14)
-57
What is -29 + (-23 - -126) + -5 + -8?
61
What is 83 + (4 - 2 - 1) - (16616 - 16620)?
88
What is 13 - ((2 - (-3 - 15)) + 146 + -157)?
4
Calculate (2 - -8) + 127 + -176.
-39
What is the value of -2822 - -2741 - (-13 + -1 + 3 + -3)?
-67
Evaluate 7 + 5 + (5 - (22 + -27)).
22
What is -87 + -3 + -370 + 329 + 38?
-93
What is 1 + -4 + (11 - 26 - ((9 - 13) + -13))?
-1
Evaluate 0 - 8 - (-110 + 107) - (-100 + -26).
121
What is -8 + -10 + (40 - 17) + (-3 - 1) - -53?
54
Evaluate 4490 + -4610 + 218 + 3.
101
What is the value of -4 - (88 + -39 + 47 + -11 + 2)?
-91
What is the value of -10 + (12 - (-10 + 0 + 1 + 0)) - -30?
41
Calculate 0 + -18 - (8 - (19 - 12)).
-19
What is the value of -15 + (-15 - (-12 + -21 + 9)) - -59?
53
What is 1 - (4 + -86) - (-93 + 97)?
79
Calculate -9 - (2 + 73 + 72 + (-58 - 13)).
-85
What is (-68 - (127 - 186)) + 42?
33
What is -3 - (-21 + (32 - 41))?
27
What is the value of (-2 - 5) + -6 - (13 + -13 + 1)?
-14
Calculate 64 + 1 + -221 + 186 + (-3 - -20).
47
What is -11 + 30 + 14 + (-2 - (2 + 5))?
24
What is (-35 - (-58 - -32)) + 7 + -22?
-24
What is 85 + -190 + 178 - 148?
-75
What is 0 + -55 + -2210 + 2304?
39
What is the value of -5 + 6 + -31 + (2 - (21 - 20))?
-29
Evaluate 19 + -3 + (-14 - (-17 + 15)).
4
-21 + (13 - (3 + 25)) - 1
-37
What is the value of 1 + 7 + 26 + (-250 - -259)?
43
What is -1 + 13 + (-14 + 2 - 2) - 9?
-11
What is the value of 15 + -3 - (-44 + (-5 + 14 + -16 - -2))?
61
-1 + (28 - (-36 - -114))
-51
Evaluate (34 - -11) + (178 - 255).
-32
What is the value of (-28 - -11) + 8 + 6 + 54?
51
Calculate 3 + -9 + 49 - ((0 - 0) + -166 + 167).
42
Calculate 79 + 137 + -78 + -68.
70
What is -4854 - -4865 - (12 - -3 - (-2 - -1))?
-5
Calculate 27 + 11 + 23 + 5 + 2.
68
Evaluate -30 + (-12 - -43) + 32 - (-1 - -16).
18
Calculate (-73 - -41) + (-2 - 7) - (-1 + -8).
-32
What is the value of -629 + 682 + 0 + -10 + 2 + 2?
47
Calculate -2 + (1 - (-13 - -1)) + 4 + 45.
60
What is 18 + 32 - ((-2 - -17) + 2)?
33
What is 24 + -2 + 15 + -17 + -7 + 16?
29
19 + (-9 - (92 - (43 + -17 + -10)))
-66
Evaluate 132 + (-12 - 19 - 43).
58
What is the value of -90 + 127 - (-3 - -18 - 56)?
78
What is (-6 - (-99 + -14)) + -44?
63
(31 - (3 - -26) - 20) + 50
32
(359 - 449) + (28 + -33 - (9 + -3))
-101
What is 44 - (-25 + 13 + -11 + 21)?
46
What is (18 - -43) + -39 + 2 + -10 + -9?
5
-10 + (9 - ((-58 - -47) + 2 + 6))
2
-1 - -84 - (3 + -2 + (-23 - -31))
74
What is 0 + 7 + (18 + -39 - -64)?
50
What is the value of (11 - 18) + 17 + 1 + -7 + -10 + 24?
18
Evaluate -21 - (-60 + -18 + 19 + 38).
0
-85 - (-6 + (18 - 6) - 3 - (-3 - 8))
-99
404 + -466 + (2 - (-2 + -7))
-51
Calculate (59 - 136) + 111 + 1 + 40.
75
What is the value of (-4 + 1 - (-85 + 77)) + (133 - 5) + -4?
129
-1 + 1 + (-2 + -2 - (3 + -71 + 60))
4
-16 - 0 - (0 - 46 - (-197 - -136))
-31
What is -62 + 210 - 25 - -12?
135
-4 + 62 + -57 + 56 + (0 - 2) + 3
58
Calculate -26 - -19 - -1 - (9 - 4).
-11
-196 - -196 - (-4 + -1 - (-5 - -1))
1
Calculate -84 - 2 - (1294 - 1323).
-57
What is the value of -1 + -80 + 4 + 8 + 1 + (10 - 8)?
-66
What is (-11 - -4) + -61 + (-136 - -141)?
-63
23 + 4 + (-13 - -1) + -314 + 307 + -27
-19
What is the value of (108 - 45) + (-40 - -4)?
27
What is -115 + (-21 - -16 - (-27 + 26))?
-119
Evaluate 14 - (-66 + -11) - (0 - 15 - (-47 - -40)).
99
Calculate (25 + 10 - 16) + (1 - -2 - -9).
31
5 + -49 - (92 + -123)
-13
What is (5 - 15) + 4 - (-11 + 62 + 35 + -17)?
-75
What is the value of -13 - (19 - 9 - -28)?
-51
Evaluate -32 + -25 + (46 + -22 + -10 + 2 - 6).
-47
22 + (-28 - 26) - (-4 - 22)
-6
Evaluate (-51 - (-47 + 35)) + 14.
-25
Calculate 219 - ((32 - -34) + 63).
90
What is -2 + 3 - (-2 - -53) - ((-42 - -24) + 12)?
-44
Calculate -75 + (0 - -4) - (22 + (-109 - -70)).
-54
What is the value of (103 - (0 - -1)) + (-32 - (-40 - 2)) + 4?
116
-13 + 9 - (-12 + -1) - (-18 + 40 + 0)
-13
What is the value of -43 + (55 - 101 - -1)?
-88
What is the value of (40 + -15 - 12 - (32 + -3)) + -4?
-20
-10575 + 10652 - (1 - 4 - (15 - -7))
102
50 + -55 + -44 + 9 + (9 - -5)
-26
What is -77 + 7 + (-12 - -62)?
-20
What is 6 + -1 - (2109 + -2139)?
35
What is -37 + 7 + (9 - 1 - (-7 - -14)) + -5?
-34
(-34 - -6) + -7 + (-8 - -10 - -10) + -7
-30
Evaluate 8 - ((-4 - -6) + -6 + 3) - (-6 - 10).
25
What is the value of -3762 + 3769 - (19 + 0)?
-12
Evaluate (0 + 4 - (81 - 67)) + 5 - (14 + 100).
-119
(23 - -1) + -1 + -39 + -1
-17
Evaluate 82 - (143 - (61 - 49)).
-49
Calculate -12 + 4 + (-10 + (42 - 31) - (-1 - -87)).
-93
14389 - 14270 - (1 - -96)
22
Calculate -2 + 5 + -18 + (3 - 3 - -45).
30
What is the value of 0 - (25 + -30) - 0 - -25?
30
Calculate 1 - 6 - (27 + (5 - (72 - 3))).
32
Calculate -127 + 0 + 78 + 9.
-40
What is the value of (29 - (98 + -46)) + -21?
-44
Evaluate (5 + 10 - -32) + -8 + -26.
13
What is the value of -21 + (-37 + 16 - 10 - -3)?
-49
Calculate 152 + (32 - -71) + -249.
6
Calculate 44 + (-34 - (32 - 69)).
47
What is the value of (-2 - -1) + -7 - (0 + 47 + -1)?
-54
Evaluate 117 + 0 + (-62 - -16).
71
144 + (85 - 222) - -59
66
Evaluate -13 + -12 - (79 + -82 + 99).
-121
What is -6 + 74 - (57 - (108 + -53))?
66
Evaluate (26 - 70 - -38) + 51.
45
What is the value of -2 - -18 - (92 - (46 + -10))?
-40
Evaluate -88 - (2 - 10 - (0 - -1) - (1720 - 1732)).
-91
Calculate -58 - (12 + (-22 + 33 - 11)).
-70
What is the value of (-18 - 5 - -15) + 3 + (74 - -4)?
73
What is the value of 26 + -5 - (-60 + 104)?
-23
Evaluate (-1 - (15 + (-5 - (-8 + 15)))) + 34.
30
What is -2 - -27 - (-19 - (13 - 8))?
49
Evaluate 4 + -30 + -9 + 21 - (-6 + 17).
-25
What is (-45 - (-12 + 1)) + -4?
-38
Calculate -11 + (33 - (38 + -10)) - -39.
33
102 + -98 - (-16 - -94)
-74
What is (1 - (17 - (2 - -10))) + (35 - 38)?
-7
What is the value of (-14 - 58) + 8 + (-118 - -136)?
-46
What is -536 + 523 + (42 + 0 - (2 - 2))?
29
(47 - 3 - (-27 + 0)) + -17
54
-34 - ((-32 - 5) + -53)
56
What is 76 - (8 + (2 - 14) - (7 + -5))?
82
What is the value of 15 + -1 + 59 + -9 + -36?
28
-146 - -25 - -14 - (13 + -40)
-80
What is the value of 2 - 24 - -8 - (26 - (105 + -13))?
52
Calculate -3 - 8 - ((-36 + 16 - 22) + -19).
50
Evaluate -8 + 70 + (-166 - -72).
-32
25 - (80 + -59 - -45)
-41
2 + 85 + 0 + -14779 + 14733
41
Calculate -2 + -2 + (-6 - -8) - (-281 - -301).
-22
Evaluate (45 - 66) + 99 + 9.
87
What is -66 + (0 - -15 - 5 - (-6 + (1 - -5)))?
-56
Evaluate 3 + -4 + 37 + (724 - 724).
36
Evaluate 0 + 13 - (71 - -55 - 114).
1
Evaluate -1 - -33 - (-96 + 95) - -11.
44
Calculate -49 + 47 + -5 + (4 - 9 - -5 - -103).
96
What is 14 - (34 - 18) - (0 - 19)?
17
What is 78 + (-27 - 51) - 10?
-10
Evaluate 26 + (-45 - 35) - -23.
-31
What is the value of -33 + (257 + -124 - 104)?
-4
What is the value of (8 - 9) + -2 + 74 + (-2 - -14 - 12)?
71
What is the value of (-4 + 5 + -15 - -16 - 9) + -6?
-13
Calculate 1 - ((-57 - -59) + (-1 - -1) - -12).
-13
19 + (44 - -1 - 51)
13
13 - (3 + -11 + (66 - (0 + 3)))
-42
Evaluate 4 + (-17 + 2 - -28 - 22) + (-2 - 1).
-8
What is 12 + ((0 - (12 + -3) - -21) + -11 - -75)?
88
Calculate (-17 - (26 + -31)) + (-49 - -13) + -2 + -5.
-55
Calculate -31 + (2 + (-24 - 9) - -5).
-57
Evaluate -129 + 84 + 16 + 20.
-9
What is the value of 39 - ((-7 - -4) + 3 + -2 + (-14 - -12))?
43
What is the value of -22 + 19 + 61 + -3 + -16?
39
Calculate 10 + -51 - -72 - -8.
39
Calculate 1 + 10 - (1 + -36 - (244 + -226)).
64
